common divisor of 4991184 and 11?
11
Calculate the highest common factor of 21 and 109991.
7
Calculate the highest common factor of 348 and 628662.
174
Calculate the greatest common divisor of 1980 and 110352.
132
What is the greatest common divisor of 133 and 150252?
19
What is the greatest common factor of 8407 and 91?
7
What is the greatest common divisor of 18 and 42?
6
What is the highest common divisor of 2527 and 228?
19
Calculate the greatest common factor of 1217476 and 676.
676
Calculate the greatest common factor of 69 and 483023.
23
Calculate the greatest common divisor of 476179 and 22.
11
Calculate the highest common factor of 95665 and 215.
5
Calculate the highest common factor of 495419 and 1473.
491
What is the highest common factor of 70 and 627655?
35
What is the highest common factor of 1791 and 225?
9
Calculate the greatest common divisor of 8832 and 28416.
384
Calculate the highest common divisor of 174 and 2112.
6
Calculate the highest common divisor of 192893 and 469.
67
What is the greatest common factor of 13568 and 144?
16
What is the highest common divisor of 84 and 1743?
21
Calculate the greatest common divisor of 52 and 6356.
4
What is the highest common divisor of 212 and 648667?
53
What is the highest common factor of 168 and 16584?
24
Calculate the highest common divisor of 1572 and 657882.
786
Calculate the greatest common factor of 608 and 4636.
76
Calculate the greatest common divisor of 811944 and 3.
3
What is the highest common divisor of 16131 and 57?
57
What is the greatest common factor of 2833413 and 95?
19
Calculate the greatest common factor of 435 and 43500.
435
Calculate the greatest common factor of 2965 and 43289.
593
Calculate the greatest common divisor of 6730 and 10.
10
Calculate the greatest common divisor of 56285 and 50.
5
Calculate the greatest common factor of 2255805 and 45.
45
What is the greatest common factor of 694156 and 16?
4
Calculate the greatest common factor of 120 and 19709880.
120
What is the highest common factor of 820 and 172120?
20
Calculate the greatest common factor of 216 and 34488.
72
Calculate the greatest common divisor of 285 and 13908.
57
Calculate the highest common divisor of 246 and 190937.
41
What is the highest common divisor of 210 and 27?
3
Calculate the highest common factor of 1239 and 9.
3
What is the greatest common divisor of 69173 and 68?
17
What is the greatest common factor of 12 and 66972?
12
What is the greatest common factor of 116894 and 1688?
422
Calculate the greatest common factor of 6901 and 469.
67
What is the highest common divisor of 30 and 1051510?
10
Calculate the highest common factor of 133280 and 11305.
595
What is the greatest common divisor of 4332 and 3420?
228
What is the highest common divisor of 85815 and 45?
45
Calculate the highest common factor of 2448255 and 255.
255
What is the greatest common factor of 170 and 281605?
85
Calculate the greatest common divisor of 120 and 10680.
120
Calculate the highest common divisor of 1666768 and 16.
16
What is the greatest common factor of 378927 and 4899?
213
Calculate the highest common factor of 1711 and 1418419.
1711
Calculate the highest common divisor of 2024411 and 17.
17
Calculate the highest common factor of 6885 and 85.
85
Calculate the greatest common factor of 2871 and 18216.
99
Calculate the highest common divisor of 15540 and 2886.
222
Calculate the highest common factor of 1681 and 3567.
41
What is the greatest common factor of 35495 and 2170?
155
What is the greatest common factor of 19 and 8759?
19
Calculate the highest common factor of 1727454 and 1143.
381
What is the greatest common divisor of 84 and 2700894?
42
Calculate the highest common divisor of 11097 and 14522.
137
What is the greatest common factor of 73513 and 13981?
451
Calculate the highest common divisor of 171 and 5211111.
57
What is the highest common divisor of 851 and 115?
23
What is the highest common divisor of 539 and 2629?
11
What is the highest common divisor of 80 and 8465?
5
Calculate the greatest common factor of 182963 and 44.
11
What is the highest common factor of 1028232 and 324?
36
What is the highest common factor of 60 and 624?
12
Calculate the highest common divisor of 66902 and 88.
22
What is the highest common factor of 220765 and 20?
5
Calculate the highest common factor of 153 and 9333.
153
What is the greatest common divisor of 238 and 15722?
14
What is the highest common divisor of 532 and 4004?
28
Calculate the highest common divisor of 84870 and 450.
90
What is the greatest common factor of 50220 and 14694?
186
Calculate the greatest common divisor of 180306 and 42.
42
What is the greatest common factor of 466400 and 8000?
800
Calculate the greatest common divisor of 44 and 2467564.
44
Calculate the highest common divisor of 6875 and 5885.
55
What is the greatest common divisor of 40 and 32405?
5
What is the greatest common factor of 1323 and 33467?
49
Calculate the greatest common divisor of 304 and 74064.
16
What is the highest common divisor of 2675 and 295?
5
Calculate the greatest common divisor of 32315 and 184.
23
What is the highest common divisor of 5005 and 223795?
715
What is the highest common factor of 17717 and 4564?
7
Calculate the highest common divisor of 60328 and 24.
8
Calculate the highest common divisor of 1165533 and 443.
443
Calculate the highest common factor of 45 and 2063655.
45
Calculate the greatest common factor of 10149 and 357.
51
What is the highest common factor of 48726 and 2?
2
Calculate the greatest common divisor of 39423 and 357.
51
What is the greatest common divisor of 16 and 145572?
4
Calculate the greatest common divisor of 39090 and 15.
15
Calculate the highest common divisor of 785 and 65.
5
Calculate the highest common divisor of 135148 and 52.
52
Calculate the highest common divisor of 275215 and 1805.
95
Calculate the greatest common factor of 11300 and 700.
100
What is the highest common divisor of 6461 and 1001?
91
Calculate the greatest common divisor of 19684 and 224504.
532
Calculate the highest common factor of 2 and 2419.
1
What is the highest common factor of 147 and 1064560?
7
What is the highest common divisor of 12 and 1544076?
12
What is the greatest common divisor of 648 and 936?
72
Calculate the highest common divisor of 8372 and 1564.
92
Calculate the highest common factor of 9243 and 1053.
117
What is the greatest common divisor of 1301614 and 190?
38
Calculate the greatest common factor of 9 and 39981.
3
What is the greatest common divisor of 10611 and 524?
131
What is the greatest common divisor of 6 and 150846?
6
Calculate the greatest common divisor of 48 and 188112.
48
What is the highest common factor of 329506 and 536?
134
What is the highest common factor of 18060 and 505?
5
Calculate the highest common factor of 659009 and 39.
13
What is the greatest common divisor of 75849 and 51?
3
Calculate the highest common divisor of 98484 and 348.
348
Calculate the greatest common divisor of 1500 and 6700.
100
What is the greatest common factor of 16 and 12384?
16
What is the highest common factor of 1066 and 14842?
82
What is the highest common factor of 5089 and 466734?
727
What is the greatest common factor of 204 and 62508?
12
Calculate the greatest common factor of 91950 and 12.
6
What is the greatest common divisor of 29614 and 39?
13
Calculate the highest common divisor of 1650 and 282975.
825
What is the highest common factor of 621276 and 1380?
276
What is the greatest common factor of 304 and 82384?
304
What is the greatest common factor of 21072 and 144?
48
What is the greatest common factor of 204135 and 30?
15
What is the greatest common divisor of 110 and 53625?
55
What is the highest common divisor of 74 and 90946?
74
What is the greatest common divisor of 2373296 and 16?
16
What is the highest common divisor of 9515 and 11?
11
What is the greatest common divisor of 14117 and 171?
19
Calculate the highest common factor of 869 and 440.
11
Calculate the greatest common divisor of 90 and 1370.
10
Calculate the greatest common divisor of 33725 and 855.
95
Calculate the greatest common divisor of 3546 and 9850.
394
Calculate the highest common factor of 50 and 2902.
2
What is the greatest common facto